(d) = -5*a(d) - 3*x(d). Let g(k) be the first derivative of b(k). Give g(-5).
-6
Let h be (7/(-96))/((-55)/220). Let m(u) be the third derivative of -5*u**2 + 0*u + 1/6*u**3 - h*u**4 + 0 - 1/12*u**5 + 1/120*u**6. Determine m(6).
-5
Let w be ((-15)/(-4))/((-24)/(-160)). Let j(a) = 15*a + 2. Let d be j(1). Let m = w - d. Let z(h) = -2*h + 12. Calculate z(m).
-4
Suppose 5*k + 5*c - 4 = 6, 0 = c + 1. Suppose k*g - 10 = -2*g. Let a(x) = 3*x**2 + x**g - 7*x - 3*x**2 - 6 + 5. Determine a(3).
-13
Let o = 42 + -41. Let q be (-1)/(o/(-1) + 8/4). Let s(x) = -8*x. Give s(q).
8
Let u(a) = 2*a + 3. Let d(n) = -n**3 - 4*n**2 - 6*n - 4. Let b be d(-2). Suppose -4*q = 4*t - 4, 2*q = -b*t + t + 14. What is u(t)?
-5
Let h(v) = -v**3 - 11*v**2 - 10*v + 4. Suppose -30 = k + 4*z, 4*z + 20 = -4*k - 40. Calculate h(k).
4
Let s(t) = t**2 - t + 2. Let q(v) = v**3 + 5*v**2 - 81*v + 34. Let f be q(-12). Give s(f).
8
Let z = 670 + -678. Let x(h) = h**3 + 9*h**2 + 5*h - 8. Give x(z).
16
Let v(q) = -6 - q + q**2 + 6*q + 0*q - q. Suppose 2*i + 6 + 4 = 0. Give v(i).
-1
Let i(r) = -r**2 - 5*r + 9. Let t(u) = 2*u**2 + 10*u - 18. Let v(j) = -7*i(j) - 4*t(j). What is v(-7)?
-5
Let b(d) = 381*d - 380*d - 15 + 3 - 16 - 2. Determine b(25).
-5
Let r(x) = -5*x**3 + 6*x**2 + x + 6. Let s(i) = 6*i**3 - 7*i**2 + i - 7. Let d(z) = -5*r(z) - 4*s(z). Calculate d(4).
-6
Suppose 5*k - 5 = 15. Suppose -2*f = g - 7*f + 13, -k*g - f = -11. Let c(y) = 2*y**3 - y**2 - y. Calculate c(g).
10
Let p(g) = -9 - 14 + 30 + 3*g. Determine p(-5).
-8
Let g(c) = -5*c + 1. Let y(n) = -4*n + 1. Let j be (28/(-16))/((-2)/8)*-1. Let i(p) = j*y(p) + 6*g(p). Let m(b) = b**3 - 6*b**2 + 1. Let a be m(6). Give i(a).
-3
Let j(o) be the third derivative of 3*o**5/10 - 55*o**2. Determine j(-1).
18
Let o(h) = h**2 - 4*h - 26. Let t be o(8). Let g(q) = 2*q - 6*q**2 - q**3 + 1 + t*q**2 + 2*q**2. What is g(-1)?
2
Let k(c) = -8*c**2 - 14*c - 2. Let m(h) = 7*h**2 + 13*h. Let o(i) = -6*k(i) - 7*m(i). Determine o(-9).
-6
Let o(c) be the second derivative of c**4/12 - c**3/3 - c**2 + 2*c. Suppose 0 = -x + 2*r + 9, x + 3*x - r - 22 = 0. Suppose 0 = h - 0*h - x. Give o(h).
13
Let l(m) be the second derivative of m**4/12 - m**3/6 + 7*m**2 + 3*m. Let r(c) be the first derivative of l(c). Give r(-4).
-9
Let m(d) = -7*d**3 + 12*d**2 + 5*d + 4. Let x(u) = 20*u**3 - 35*u**2 - 14*u - 12. Let p(a) = 17*m(a) + 6*x(a). Let f = 15 + -9. Calculate p(f).
2
Let q(s) = -s**2 - 4*s + 3. Suppose 7*w - 2*w = 45. Suppose -6*i = -w*i + 30. Suppose -5*d - 6 - i = t, 5*t = -5*d. Determine q(d).
3
Let u(l) = -l**3 + 3*l**2 + 5*l - 2. Let y be ((-98)/21 - -5) + 22/6. Give u(y).
2
Let s(f) = 3 - 3 - 1 + 9*f + 0. Let d(j) = -26*j + 3. Let r(y) = -6*d(y) - 17*s(y). Suppose 3*h + 3*b - 18 = -0*h, 0 = 3*b - 15. Give r(h).
2
Suppose 45*o = o + 88. Let t(c) be the third derivative of 0*c + 7/60*c**5 + 0 + 5/6*c**3 + 1/120*c**6 - 7*c**o + 7/24*c**4. What is t(-6)?
-1
Suppose -2*q + 0 = -4. Let w(i) = -87*i**2 - 6*i + 43*i**q + 1 + i**3 + 41*i**2. Give w(4).
-7
Let g(m) be the third derivative of -m**8/6720 + m**7/1260 - m**6/360 + m**5/120 - 5*m**4/24 + 6*m**2. Let d(v) be the second derivative of g(v). Give d(3).
-14
Let p(u) = u**2 - 18*u + 62. Let c be p(13). Let k(n) = n - 6. Calculate k(c).
-9
Suppose 21 = -7*y + 28. Let s(o) = -2*o**3 + 3*o**2 + 2*o + 4. Let w(r) = -r**3 + 1. Let z(f) = y*s(f) - 3*w(f). Suppose 5*v + 8 + 7 = 0. What is z(v)?
-5
Let r be (41/(-5) - -8)*-20. Let n(d) = -d - 1. Let b = -11 - -5. Let f(h) = -3*h - 2. Let z(v) = b*f(v) + 15*n(v). Give z(r).
9
Let w(a) be the third derivative of a**4/12 - a**3 + a**2 + 105*a. Give w(11).
16
Let s(r) be the first derivative of -r**2 - 7*r - 2. Let f be (-4 - (1 + -8))/((-1)/3). Let z be (-2 - (-60)/18)/(2/f). Determine s(z).
5
Let v(b) be the third derivative of b**5/60 - 13*b**4/24 + 2*b**3/3 - 155*b**2. Calculate v(12).
-8
Let z(p) = 13*p + 77. Let l be z(-6). Let v(f) = 11*f - 1. Determine v(l).
-12
Let w(o) = 0 + 0*o - o + 4*o**3 - 1. Let f be (1/3)/((-6)/18). Calculate w(f).
-4
Let b(q) = -q + 6. Let x be b(3). Let c(t) be the first derivative of -3*t**2 - 5*t + 5 + 1/3*t**x. Calculate c(6).
-5
Suppose 0 = -11*r + 7*r. Let f(a) = -a**3 + a**2 - a - 12. Give f(r).
-12
Let x be (-3)/(-5 - -2 - 8/(-4)). Let i(t) = -15*t - x - 2*t + 7*t + 1. Calculate i(2).
-22
Let k(o) = -2*o**3 + 17*o**2 + 18*o - 79. Let d be k(9). Let j(l) = -32*l + 2. Determine j(d).
-62
Suppose 4*b + j = 2 + 9, j = 3. Let w(r) be the second derivative of 0 - 6*r + 1/6*r**3 - 1/2*r**b. Calculate w(-4).
-5
Let p(l) = -l**3 + l**2 - l - 1. Let a(m) = -4*m**3 + 2*m**2 - 12*m + 2. Let b(o) = a(o) - 5*p(o). Determine b(4).
-5
Let x(l) = -l**3 - l**2 - l - 1. Let g(m) = -5*m - 112. Let z be g(-22). Determine x(z).
5
Let d(v) = -v**3 - 8*v**2 - 7*v - 5. Let s = 15 - 3. Suppose -2*q + a + 7 + 2 = 0, -4*a + s = 0. Let l be q/14 - 52/7. Give d(l).
-5
Let t(u) = -15*u - 15. Let a(h) = -4*h - 4. Let b(m) = 22*a(m) - 6*t(m). Calculate b(-3).
-4
Let u(d) = d**3 + 10*d**2 - 9*d + 24. Let l be u(-11). Let h(q) = 11*q**2 + q - 1. Calculate h(l).
45
Suppose 2*s - m + 5 = 3*s, 0 = s - 5*m + 19. Let c(u) = -3 + 151*u - 73*u - 76*u + 2. Determine c(s).
1
Let v = 116 - 116. Let n(q) be the second derivative of -q**3/6 - q**2 + 42*q. Calculate n(v).
-2
Let c(h) be the second derivative of -h**5/20 + 5*h**4/12 + h**3/6 - h**2 + 30*h + 1. What is c(4)?
18
Let m(y) = -3*y**3 - y**2 + 11. Let n(j) = -j**3 + 4. Let h be (-3)/((-9)/(-21)) - -4. Let d(r) = h*m(r) + 8*n(r). What is d(-2)?
3
Let o = -1335 - -1315. Let a(w) = -2*w - 38. Give a(o).
2
Let o(g) = g**2 + g + 56. Suppose -3*d - 9 = 3*k, 2*k - 2*d - 6 = 6*k. What is o(k)?
56
Let j(a) = a**3 + a**2 - a + 2. Let i be j(-2). Suppose 3*y - p = 3, -5*p = 3*y - y - 19. Let t(c) = c**3 + 19*c**2 + 19*c**y - 39*c**2 + 10 + c. Give t(i).
10
Let a(x) = 3*x + 3. Let s(z) = 0*z - z + 9 + 0*z. Let y be s(12). Let l be a(y). Let p(n) = -n**3 - 7*n**2 - 3*n + 5. What is p(l)?
-13
Let u(g) = g + 6. Let x be u(-3). Let w be -4 + x + 26 - -1. Let m be w/117 - 14/(-18). Let a(t) = -5*t - 1. Determine a(m).
-6
Let o be -1 - ((-2 - 0) + -2). Suppose -3 = o*v + 6. Let d(n) be the second derivative of -n**4/12 - n**3/3 - 2*n**2 + 4*n. Give d(v).
-7
Let p(b) = -b**3 + 6*b**2 - 5*b - 5. Let m be ((-20)/(-8))/(2/4). Let n be p(m). Let d(a) = 459 + a**2 + 456 - 911 + 6*a. Calculate d(n).
-1
Let i(h) = -h + 1. Let m be i(5). Let y(j) be the second derivative of 2*j**3/3 + 2*j**2 - 673*j. Give y(m).
-12
Let s = -246 - -251. Let k(w) = w**2 - 3*w - 8. Calculate k(s).
2
Let r(p) be the first derivative of p**2/2 + 12. Let v = -9 - -8. Give r(v).
-1
Let n(k) = -13*k + 1. Let i = -593 - -596. What is n(i)?
-38
Suppose 0 = 5*d + 6 + 4. Let t be (6 + -7)/((-2)/4). Let s(o) = 0*o + 3*o + o**t - 2*o. Determine s(d).
2
Let y(x) = x**2 + 4*x - 5. Let i = 10 + -7. Suppose -v + 5*v - w = -16, 0 = i*v - 2*w + 12. Give y(v).
-5
Suppose -29 = -h - 0*h + 5*k, 2*h - 13 = k. Let f(g) = -g + 3. Calculate f(h).
-1
Let f(z) be the second derivative of z**8/6720 - z**7/360 + z**6/80 - 5*z**4/12 + 3*z. Let l(u) be the third derivative of f(u). Calculate l(6).
18
Let j = -242 + 238. Let i(c) = -c**2 + 1. Calculate i(j).
-15
Let x(y) = 4*y**2 + 2*y - 2. Let m be x(1). Suppose 3 = a + 2. Let v(l) = -4*l + l + 0*l - a + 6*l. Give v(m).
11
Let q(r) = r**3 - r + 1. Let h(x) = -2*x**2 - 5*x + 4. Let k(b) = h(b) - 4*q(b). Let d be 7*(-14)/98 - (0 + 0). What is k(d)?
3
Let n(c) = -3*c - 3. Suppose 125*u - 127*u = -6. Calculate n(u).
-12
Suppose -w - 7 = 3*g, w + 40 = 5*w - 5*g. Let c(x) = w*x + 0 + 6 - 5 + 8*x. Calculate c(-1).
-12
Let d(o) = o**3 + 5*o**2 - 8*o - 15. Suppose 4*f + 25 = -s, 4*f - 5*s + 14 = -5. Calculate d(f).
-3
Suppose -8 = -t - 0*t. Let d(y) = -13*y**2 + 10*y + 10. Let x(b) = -110*b**2 + 81*b + 80. Let r(a) = -17*d(a) + 2*x(a). Determine r(t).
-10
Let o(x) = -x**3 + 5*x**2 + x + 0*x**3 - 5*x**2 - 2 + 2*x**2. Calculate o(2).
0
Let k(w) = -w**2 - 14*w - 9. Let q be k(-11). Let b = 41 + -12. Let o = q - b. Let s(i) = -i - 4. Determine s(o).
1
Let q(r) = r**2 + 9*r - 6. Let a be q(-10). Suppose 14 - 2 = -a*m. Let b(n) be the second derivative of n**5/20 + n**4/6 - n**3/3 - 2*n. Calculate b(m).
-3
Suppose 3*u + 1 = -s + 7, 5*u - 30 = 5*s